4 + 2 + -22?
6
-27 - (78 + -199) - 85
9
Evaluate (1 - -17 - 5) + 54 + (4 - 5) - 11.
55
What is the value of -99 + -120 + 127 + (42 - 9)?
-59
8 + (-1 + (-3 - 6) - (-1 + 29 - 75))
45
Calculate 13 - (-22 + 4 + (-13 - -9) + 7).
28
Calculate (-82 - -31) + (-6 - -85).
28
What is (42 - 2) + 772 + -826?
-14
Calculate (-80 - -43) + (38 - 18) + -17.
-34
1 - ((22 - -2) + (-181 - -152))
6
Evaluate (-8 - -1 - (336 - 332)) + -5.
-16
Evaluate (-40 - (-3 - 2)) + (-13 + -10 - -28 - 8).
-38
Evaluate 37 + -27 - (27 + 17 + -7).
-27
What is -4 - (-45 - 14) - (5 + -9)?
59
Evaluate -1 + 5 + 1 + (-7 + 1 - -12).
11
What is -1 + 3 + 1 + (1 - -6) - (7 + -8)?
11
-58 - (11 + 35 + -56)
-48
Evaluate 26 + 38 + (-31 - -75) + -5.
103
Evaluate 1 - (-48 + 26) - (-5 + -4).
32
Evaluate -2 - -15 - 6 - (0 - 8).
15
What is the value of 38 + -14 - ((-126 - -115) + (-49 - -3))?
81
What is 29 + (-44 - -83 - 32)?
36
What is the value of (45 - -65 - 130) + -1 + -27 + 4?
-44
What is the value of (-131 - -158) + -24 + 4 + 71?
78
(-6 + 5 - 9) + (8 - (7 - (0 + 5)))
-4
What is (147 - 125) + 8 + -9?
21
What is the value of 17 + 24 + (-110 - 2) + 11?
-60
What is the value of (16 - 31) + 6 - (10 - 81)?
62
Calculate -1 + 28 + -10 + -21 + (-2 - 1).
-7
-30 + (25 + 18 - 29) + 118
102
What is the value of 67 + -212 + 98 + 36?
-11
Evaluate -17 + 1 - (-4230 + 4198).
16
Evaluate 28 + (0 - 43) + 288 + -282.
-9
(3 - (-1 + 10 + (-11 - -4) + -7)) + 10
18
3 + -131 - (438 + -542)
-24
Calculate -29 - -83 - (0 + (-20 - -11) - 7).
70
Calculate (12 - (-1 + (23 - -1))) + -38.
-49
Evaluate 2 + 117 + (-111 + 319 - 205).
122
41 + (0 - 40) - 3
-2
What is the value of 19 - (1043 + -1027 + (1 - 11))?
13
What is -49 - (-9 - (-3 - -3)) - (9 + -16 + -6)?
-27
What is (-7 - 6) + -1 - (10 - -7)?
-31
Evaluate -82 - (-43 + -91 + 42).
10
Calculate (-149 - -160 - (9 + -7 - (-1 + -2))) + -4.
2
What is 75 + (0 - ((13 + 6 - 33) + 26))?
63
What is (6 - -4) + -43 + (-70 - -36)?
-67
Calculate 154 - (148 - -12) - (7 - 0).
-13
Calculate -84 + (-84 - -209) + -78.
-37
What is the value of -44 - (-102 + 115 + -15 + 0 - -8) - 2?
-52
Calculate 45 + 16 + -2 + (-32 - (-27 - 4)).
58
Evaluate -1 - (12 + (-5 - (1 - 3))) - -10.
0
Evaluate 115 + -113 - 31 - (-1 + -4).
-24
1 + (44 - 0) - ((-71 - -54) + 8)
54
Evaluate (-396 - -394 - (1 + 11)) + 38 + 3.
27
Calculate 23 + (3 - (0 + 1 + 5)) + 13.
33
Evaluate -50 + -1 + 50 - ((-3 - -3) + 57).
-58
(124 - 51) + (-120 - 35)
-82
Evaluate 8 - 1 - (0 + -4 + 71 + 93).
-153
Calculate (4 - 21) + (3 - (84 + -19)) + 1.
-78
-8 - (-3 + 6 + (-10 - -8)) - -4 - -47
42
What is (-23 + 0 - -16 - -28) + -89?
-68
Evaluate -43 - (-11 + (18 - 8)) - 9 - (0 - 5).
-46
(1 - -9) + (13 + -5 + -12 + -39 - 7)
-40
What is the value of (-3 - (38 + -30)) + 4 + -65 + -4?
-76
What is the value of (-7707 - -7703) + (0 - 1 - -23)?
18
-5 + (-10 - (10 + -10)) - -10 - (4 + -8)
-1
What is the value of -1 + (-6 - 25 - -20) + (-16 - -2)?
-26
-28038 + 28021 + 2 + (-4 + 2 - 47)
-64
What is -1 - (-11 - -1 - (-45 + 42) - -13) - -15?
8
Evaluate (2 - 0) + 84 - (-119 + (154 - 53)).
104
Evaluate -55 + 5 - -42 - (2 - 1) - (-1 - -86).
-94
Evaluate 4 + -7 + -35 + -17 + (4 - -12 - 10).
-49
76 - (117 - (124 - -63))
146
What is the value of -42 + 24 - (5 + (13 - -8))?
-44
What is -15 + (-12 - (17 + -47)) + -19 + 2?
-14
Evaluate (-7524 - -7513) + (-1 - (1 + -11)).
-2
56 - (69 + -29 + 1)
15
Evaluate (438 - 435) + (-2 - -19) + -1.
19
What is the value of 6 + 16 - (15 - (-27 + 30))?
10
What is the value of 431 + -456 + -1 + -47?
-73
What is -7 + 4 - 0 - (-48 + (0 - -8))?
37
Evaluate 99 + -50 + -8 + (1 - -16).
58
68 + (62 - (168 - 33))
-5
What is the value of 833 - 815 - (-10 - 1)?
29
14 + (-31 + -37 - -35)
-19
What is the value of 50 - (-7 - -20 - 5 - (3 + 8))?
53
What is the value of -15 - (-116 + 85) - (-3 + -110) - (-1 + 15)?
115
Evaluate -9 + (8 - (-14 + 21)) + 9 - 12.
-11
Calculate 26 + -29 + 14 + -21 + -41.
-51
Calculate (585 - 700) + 209 + 10.
104
-11 + 1 + -114 + 116 + 5
-3
Calculate (140 - 153) + (1 - (-15 - 4)) + 64.
71
Calculate (24 - -67) + (-1 - (11 + -7 + 7)).
79
What is the value of -5 + 13 - (-19 - 34 - -76)?
-15
19 + -37 + 90 - 69
3
Calculate -13 + (-23 - ((11 - 5) + -14)).
-28
(28 - 0) + -70 + 227 + -158
27
What is -147 - -115 - (1 - 7 - (8 + -16))?
-34
-1 + 2 + (1 - (108 + -160))
54
Calculate 17 + 1 - (-3 - (21 - 6)).
36
Evaluate -5 + 2 - (-192 + 227) - -18.
-20
What is the value of -105 - -1 - (65 + -114 + 45 + (0 - 10))?
-90
Calculate 132 + (67 + -88 - 50).
61
Evaluate 36 + (-80 - -61 - 37).
-20
What is the value of 8 + (-52 - -2) + (388 - 416)?
-70
What is the value of 84 + -173 + 20 + 46?
-23
What is the value of -3 + 13 - (9 + (-5 - -8) + (14 - 13))?
-3
Calculate -114 - (47 + -66 + -36).
-59
Evaluate -6 + 9 + (-11 - (-17 + 23 - -6)).
-20
Calculate 70 - 4 - (17 - (68 - 20 - 12)).
85
What is the value of -1 - -28 - (55 - 5)?
-23
Evaluate -11 - 59 - -72 - ((-46 - 2 - -1) + 0).
49
What is -92 + (-174 - -221) + (2 - 30)?
-73
What is the value of (-1 - 15) + (-24 - -10 - -16) + 1?
-13
What is (-16 + 25 - (15 + -1)) + -87 + 34?
-58
What is the value of 36 + -56 + 32 + 0 + -7 - (-68 - 0)?
73
Evaluate 14 + -1 - (0 - 13 - 9 - -60).
-25
-1443 - -1529 - (-1 + 12)
75
What is 61 + -52 + 51 + -61?
-1
2 - (41 + (-8 - -18 - 25) + -2)
-22
What is -22 + -20 + -5 + (4 - 6) + 5?
-44
13 + (-4 + -8 + 6 + 1 - 2) + -35
-29
What is the value of -1 + 105 + (6946 - 6977)?
73
What is 0 + 7 + (-1 - 1) + 6 - (33 - 33)?
11
Evaluate (26 - 22) + -29 + 85 + (0 + 2 - 7).
55
17 + (-22 - -6 - -10) + 1 + 31
43
What is (-33 - -40) + -28 + -26?
-47
What is the value of 11 + -11 + (-122 - ((1 + -4 - 3) + -2))?
-114
What is -49 + (3 - (-7 + 2 - 2)) + -1 - -10?
-30
Evaluate -25 - (4 - (-23 + -1 + 15 + -3 + 23)).
-18
Calculate (-96 + 63 - -59) + -20.
6
Evaluate -24 - (-14 - -4) - -48 - (-6 - -2 - 3).
41
Calculate 93 + -80 - (-50 + (-5 - -16)).
52
-59 - (-99 + (8 - 17))
49
What is the value of 0 + 10 + (29 - -29 - (4 + -15 + 17))?
62
Evaluate 1 + -1 - -2 - ((14 - 5) + (-31 - -16)).
8
Calculate 7 - (114 + (0 - -4) + (20 - (65 - 33))).
-99
What is (1 - -37) + -11 + 14 + 43?
84
Evaluate 8 - -16 - 38 - 20.
-34
Calculate -9 + 25 - (199 - 163).
-20
Calculate (-100 - -121) + (2 + -16 - -1).
8
-103 + 17 - (-92 + 97)
-91
Evaluate -49 - (48 - 59 - (-21 + 10)).
-49
Calculate (-28 - -21) + -3 + 23 + 9.
22
Evaluate 8 + (1 + (-1 - -9) - (-1067 + 1118)).
-34
1 + 28 + -27 + (-5 - (17 + 1) - 2)
-23
What is the value of 55 - 3 - (-12 + 5 + 1 - -12)?
46
What is the value of 82 - ((5 - ((4 - 5) + 6)) + -1)?
83
4 + 26 + 38 + -44 + -10
14
What is -38 + 30 + 8 - -7?
7
-4 + (-27 - 32) + -24 + 13
-74
Evaluate (-34 - -49) + (-12 - 5).
-2
Evaluate (-5 + 12 - 14) + -30 + 6 + -21.
-52
What is (37 - 80) + 39 + 17?
13
What is 11 + (-1 - 9) - (-6 + 12 + 45 + 9)?
-59
What is 14 - 9 - (85 - (-7 + (5 - 7)))?
-89
What is the value of (36 + -14 - -11) + (11 - 18)?
26
Evaluate (-157 - -177) + (-5 - -10).
25
What is the value of -30 + 18 - -11 - (-2 + (-2 - (41 - -4)))?
48
Calculate (3 + -142 - -3) + (-1958 - -1991).
-103
Evaluate -15 - (20 + 10 + -1 + -22 - -6).
-28
What is the value of -32 + 21 + 51 + 41?
81
What is the value of (-41 - -6) + 39 - -25?
29
Evaluate 0 + -1 + (57 - (82 + -15)) + 6.
-5
What is (43 - -68) + -160 + 50?
1
What is the value of 2 - -15 - (0 - (1 + -4) - -35)?
-21
What is (-1 - 1) + (-19 - (-45 - (0 + 5)) - -60)?
89
What is the value of -64 + 71 - (0 - 36)?
43
What is -20 + 21 + -15 - (2 + 18)?
-34
Evaluate (30 - -38 - -1) + -99.
-30
Evaluate (10 - -4) + (-8 - 27).
-21
43 - (33 + -12 - 13 - (10 - 7 - -8))
46
7 + 40 - (-21 + (29 - 0))
39
Evaluate -2 + 62 - 58 - -52.
54
What is the value of (84 - 79 - (-1 - (-1 + 1))) + 0 + 0?
6
6 + (45 - 48 - 22)
-19
What is -86 + 75 + (26 - -1) - -84?
100
What is the value of -1 - (-73 + 10) - 139?
-77
What is the value of -7 + 126 + (-22 - (-29 - 6 - -1))?
131
What is the value of (0 - 11) + 0 + 47 - -11?
47
What is the value of -4 - (-29 - (-20 - -34))?
39
Evaluate (-36 + 0 - (797 + -839)) + (-12 - 2).
-8
Evaluate (-388 - -175) + 259 + -2 + -35.
9
-65 + (-138 - (-67 - 23))
-113
Evaluate -204 + 243 + (20 - (0 - -2)).
57
What is (12 - 19) + (-7 - -5) + (-39 - 1 - -8)?
-41
Evaluate 24 - (8 + -16) - -15.
47
25 + -25 - ((-10 - 0) + 30 + 1)
-21
(-57 - -146) + -103 - (